r of 56 and a?
7
Suppose -14 + 176 = 3*g. Let d be (-12)/9*27/(-2). Let m be (1*d)/(4 + -3). Calculate the highest common divisor of g and m.
18
Let c = 10 + 34. Suppose 3*y - 330 = -4*g, y - 24*g + 19*g = 110. What is the greatest common factor of c and y?
22
Let y be -28*(-1)/(-2)*-5. Let z(x) = -1. Let s(p) = 27*p - 5. Let f(l) = s(l) - 6*z(l). Let d be f(1). Calculate the highest common factor of d and y.
14
Let s be ((-22)/(-4))/(2/4). Let w be (2 - 0)*(-11)/(-2). What is the greatest common divisor of w and s?
11
Let p(o) = 2*o**2 - 2*o - 2. Let i be p(2). Suppose 7 = -5*d + t, 0*d = -i*d - 5*t + 8. Let b be 7/(21/30) + d. Calculate the highest common divisor of 6 and b.
3
Let w = 54 - 33. Let p(k) = k**3 + 9*k**2 + 3. Let a be p(-9). Let c(b) = -b**3 + 3*b**2 + b + 4. Let h be c(a). What is the highest common factor of h and w?
7
Let a = 11 - 10. Suppose -33 = -2*h - a. Suppose 5*l - h = -0*w + 2*w, 0 = -5*w + 10. What is the greatest common divisor of l and 6?
2
Suppose 7*a = 11*a - 60. What is the greatest common divisor of 165 and a?
15
Let a = -9 + 14. Suppose 2*x + 0*x - 88 = -3*v, -v + a*x = -35. Calculate the highest common factor of v and 20.
10
Suppose -12*a = 6*a - 324. Calculate the highest common factor of 36 and a.
18
Let l = -30 - -21. Let j be (24/l)/(3/(-27)). What is the highest common factor of j and 6?
6
Let h(u) = 10*u. Let x be h(6). What is the greatest common factor of x and 12?
12
Let v be (-54)/(-7) + (-6)/(-21). Suppose 5*p - 1 = -16. Let m = v + p. What is the highest common factor of m and 20?
5
Suppose 4*j = 68 + 16. What is the greatest common factor of 7 and j?
7
Let i = 9 - 8. Let d be (i + -2)/((-3)/27). What is the highest common divisor of d and 1?
1
Let u be ((-4)/10)/(2/(-20)). Let h be 14/4 + 2/u. Suppose -z + 9 = 2*w, h*z - 24 = -3*w - w. What is the highest common divisor of w and 15?
3
Let r(o) = 3*o - 24. Let v be r(10). What is the greatest common factor of 9 and v?
3
Suppose 3*b - 11*b + 72 = 0. Let h(l) = -l**2 - l + 18. Let k(d) = -d + 1. Let p be k(1). Let v be h(p). Calculate the greatest common factor of v and b.
9
Suppose 3*k - 1 = 5. Let g be ((-10)/(-25))/(k/100). What is the highest common divisor of 10 and g?
10
Let m be (-20)/110 + 180/22. Calculate the highest common divisor of 16 and m.
8
Let t = -15 - -20. What is the greatest common divisor of 5 and t?
5
Let d be (-374)/(-14) - 10/(-35). Suppose -r = -4*j - d - 5, 0 = -r + 2*j + 30. Calculate the greatest common divisor of r and 14.
14
Suppose -4*g = -105 - 95. What is the highest common factor of 5 and g?
5
Let g = 33 - 3. What is the highest common factor of g and 45?
15
Let o(b) = -b**2 - 9*b + 16. Let m be o(-11). Let a be 2/(m/(-9)) + -5. Let x = a - -3. Calculate the highest common factor of x and 1.
1
Let g(j) = j**2 + 4*j - 11. Let u = 1 - -2. Suppose 5*y + 0*m + 49 = u*m, 3*m = -3*y - 15. Let d be g(y). Calculate the greatest common factor of d and 7.
7
Let s(u) = 21*u + 3. Let c be s(3). Let m be (2 - 1) + 0 + -1. Let g = 6 + m. Calculate the greatest common divisor of g and c.
6
Let p(v) = 9 - v - 1 + 6. Suppose -q + 4*q = 0. Let j be p(q). What is the highest common factor of j and 98?
14
Let k be -2 - (2 + -57 + 4). Suppose 5*j - 4*z = -0*z + k, 3*j - 2*z = 31. Calculate the greatest common divisor of j and 39.
13
Let x = -136 - -158. What is the highest common divisor of 66 and x?
22
Suppose u + 15 = 5. Suppose 3 = 2*i - 1. Let r = i - u. What is the greatest common factor of r and 36?
12
Let z be 142/6 + 6/18. Calculate the greatest common divisor of 60 and z.
12
Let b be ((-24)/(-18))/(4/6). Suppose -4*n = 3*w - 20, b*w = -4*n + 3*w + 20. Calculate the greatest common factor of 5 and n.
5
Suppose 0 = -4*l - 0*l. Suppose -4*d = -3*u + 31, 3*u + l*d - 3 = -3*d. Calculate the highest common divisor of u and 1.
1
Let o be (1 - (1 - 2)) + 844. Let s be o/(-15) + 6/15. Let w = s + 80. Calculate the greatest common factor of w and 36.
12
Let n(c) = 73*c**2 + 4*c + 3. Let a be n(-1). What is the highest common factor of 9 and a?
9
Suppose -7*o + 2*o + 90 = 0. Let f be ((-12)/7)/(8/(-28)). Calculate the greatest common divisor of f and o.
6
Let j = 3 - 0. Let p be j/(-9)*3/(-1). Calculate the highest common factor of 3 and p.
1
Let o(m) = m**2 + 2*m - 3*m - 1 + 3. Let q be o(-2). What is the greatest common factor of q and 64?
8
Suppose -5*w + 3*g + 117 = 0, -w + 3*g + 21 = -0*w. Let h = w + -12. Calculate the greatest common divisor of 24 and h.
12
Let r be ((-6)/(-15))/(2/20). What is the highest common divisor of r and 4?
4
Suppose -4*x = -4*v - 112, v + v = 4*x - 102. What is the greatest common divisor of 207 and x?
23
Let r = 22 - 47. Let i = -14 - r. Calculate the highest common factor of i and 33.
11
Suppose -q - 32 = -5*q. Calculate the highest common divisor of 4 and q.
4
Suppose -4*a = -0*a - 16. Let t be 21/2 - 2/a. Let g(l) = 9*l - 2. Let w be g(3). What is the greatest common factor of t and w?
5
Suppose 2*b = -3*m + 25, -b = 5*m - 8 - 29. Calculate the greatest common factor of m and 14.
7
Suppose -3*a = -2*a. Let l be (-10 + a)*2/(-4). Suppose -7*o + 2*o = -225. What is the greatest common factor of o and l?
5
Let f = -67 - -26. Let i = 85 + f. What is the highest common divisor of i and 11?
11
Suppose r - 29 + 11 = 0. Suppose 3*x - 3*o + 4*o = 121, 0 = o - 4. Suppose 4*l = 4*d + x - 207, -222 = -5*d + l. What is the highest common divisor of r and d?
9
Let o = 304 - 212. Suppose -2*g = -322 - o. Calculate the highest common divisor of g and 23.
23
Let z = 36 - 19. Calculate the greatest common divisor of z and 136.
17
Suppose 0 = 3*z - 4*l - 8, -2 = z - 3*z + l. Suppose -7*n + 3*n + 40 = z. Let r be 2547/36 - 3/4. What is the highest common divisor of n and r?
10
Let r(z) = 22*z + 5. Let w(f) = 23*f + 6. Let i(s) = -4*r(s) + 3*w(s). Let a be i(-2). Suppose 6 + 30 = 4*o. Calculate the highest common factor of a and o.
9
Let z be (-7)/14 + (65/2 - 1). Calculate the highest common divisor of 31 and z.
31
Let r = -46 - -27. Let q = r + 34. Let i be q - (0 - -1 - 1). What is the greatest common factor of 15 and i?
15
Let s(o) = 2 + 139*o + 8*o**2 - 139*o. Let z be s(-2). Calculate the highest common factor of 272 and z.
34
Suppose -104*y + 107*y - 297 = 0. Calculate the greatest common divisor of y and 9.
9
Suppose -w - 2*k = -6*w + 246, 146 = 3*w - 2*k. Calculate the highest common factor of w and 25.
25
Suppose 2*a + 8 = 6*a. Let c = a + -2. Suppose -d + 101 + 31 = c. What is the highest common factor of 12 and d?
12
Let p(n) = -n**2 - 7*n + 6. Let u be p(-6). What is the greatest common divisor of u and 4?
4
Suppose 3*n + 12 = -6. Let y be (-14 - 1)/(n/4). What is the highest common divisor of 10 and y?
10
Let v = -72 + 102. Let p = 52 - v. Let s = 9 - -24. Calculate the highest common factor of p and s.
11
Suppose 56 = 4*h - 4*n, -5*n - 2 = 2*h - 37. What is the highest common factor of h and 60?
15
Let j = -1991 + 1025. Let k be j/(-18) - (-2)/6. What is the greatest common divisor of 6 and k?
6
Suppose 0 = b + 12 - 3. Let w = 5 + b. Let m(u) = -2*u + 4. Let o be m(w). What is the highest common divisor of o and 30?
6
Let h(u) = -16*u + 18. Let r be h(-3). Let i(l) = l**2 - 4*l + 2. Let z be i(4). Suppose -5*g - z = -32. Calculate the highest common factor of g and r.
6
Let a = -19 - -55. What is the highest common divisor of a and 90?
18
Let i be 39/(-65) + (-1616)/(-10). Let k(b) = -6*b - 1. Let a = -9 + 5. Let y be k(a). What is the highest common divisor of i and y?
23
Suppose 0 = -3*v - 18 + 51. Suppose -2*m - 3 = -5*m, w - 24 = -2*m. Calculate the highest common factor of v and w.
11
Let o = 13 - 8. Suppose -2*p + p = -4*i - o, p - 5 = i. Calculate the greatest common factor of p and 15.
5
Suppose 0 = n + 7 - 9. Suppose 0 = t + l + 3*l - 44, 2*l + 128 = n*t. What is the highest common divisor of 24 and t?
12
Let p(j) = -46*j - 4. Let b be p(-7). Let m = b - 93. What is the greatest common divisor of 25 and m?
25
Let l(k) = -17*k - 1. Let u be l(-1). Calculate the greatest common factor of u and 8.
8
Let l = 1 + 2. Suppose -c - l*c = 4*a - 68, 5*a = -c + 29. What is the highest common divisor of c and 112?
14
Let i = 21 - 9. What is the highest common divisor of i and 12?
12
Suppose 0 = -6*a - a